73 a factor of 780057?
True
Is 301 a factor of 206185?
True
Is 2369 a factor of 9888206?
True
Is 39 a factor of 2992710?
False
Does 6 divide 123379?
False
Is 75 a factor of 4189125?
True
Does 85 divide 1527371?
False
Does 795 divide 1102017?
False
Is 2 a factor of 22255?
False
Is 320 a factor of 4371083?
False
Is 26 a factor of 2002?
True
Is 436540 a multiple of 230?
True
Is 47068 a multiple of 405?
False
Is 16 a factor of 3544323?
False
Does 932 divide 3689788?
True
Is 33002 a multiple of 43?
False
Is 1086270 a multiple of 858?
False
Is 139 a factor of 557360?
False
Is 10800 a multiple of 48?
True
Does 18 divide 914850?
True
Is 408 a factor of 3185839?
False
Is 286 a factor of 197340?
True
Does 155 divide 107356?
False
Is 7200 a multiple of 9?
True
Is 33040 a multiple of 16?
True
Is 45679 a multiple of 17?
True
Does 22 divide 14884804?
True
Is 161 a factor of 318053?
False
Is 16 a factor of 1267801?
False
Is 5545840 a multiple of 5?
True
Is 4054848 a multiple of 1176?
True
Is 22 a factor of 171380?
True
Is 7441431 a multiple of 5?
False
Is 119616 a multiple of 267?
True
Is 3382150 a multiple of 10?
True
Does 861 divide 7807673?
False
Is 96 a factor of 102048?
True
Is 324139 a multiple of 29?
False
Does 106 divide 3960657?
False
Is 3986661 a multiple of 829?
True
Is 242 a factor of 156574?
True
Does 15 divide 33495?
True
Is 227337 a multiple of 1333?
False
Is 21 a factor of 19800781?
False
Is 99 a factor of 600696?
False
Is 13693212 a multiple of 39?
True
Is 752 a factor of 425632?
True
Does 71 divide 90326?
False
Is 2 a factor of 112881?
False
Is 668264 a multiple of 85?
False
Is 184 a factor of 3812299?
False
Does 42 divide 416211?
False
Is 13 a factor of 22093?
False
Does 462 divide 572880?
True
Is 982440 a multiple of 360?
True
Does 31 divide 185787?
False
Is 74853 a multiple of 16?
False
Does 403 divide 2131870?
True
Is 104639 a multiple of 250?
False
Does 179 divide 22424?
False
Is 5206369 a multiple of 4?
False
Is 206 a factor of 157145?
False
Does 130 divide 135219?
False
Is 2751951 a multiple of 88?
False
Is 774 a factor of 7593247?
False
Is 3381998 a multiple of 181?
False
Is 24 a factor of 1139961?
False
Is 21 a factor of 764190?
True
Is 104195 a multiple of 13?
True
Is 65378 a multiple of 37?
False
Is 539 a factor of 1330252?
True
Is 18138017 a multiple of 244?
False
Is 2758143 a multiple of 301?
False
Is 9969 a multiple of 7?
False
Does 360 divide 14751830?
False
Is 7273099 a multiple of 1898?
False
Does 32 divide 4182399?
False
Does 107 divide 1730190?
True
Is 2801156 a multiple of 292?
True
Does 80 divide 244000?
True
Is 603210 a multiple of 235?
False
Is 1583475 a multiple of 784?
False
Is 11050 a multiple of 50?
True
Does 194 divide 1389935?
False
Is 5 a factor of 313235?
True
Does 53 divide 9875299?
False
Is 5949592 a multiple of 776?
True
Is 416735 a multiple of 45?
False
Does 52 divide 19576?
False
Is 26053533 a multiple of 28?
False
Does 9 divide 660267?
True
Does 183 divide 156099?
True
Does 23 divide 126569?
True
Is 929 a factor of 498694?
False
Does 2 divide 100906?
True
Does 15 divide 2701469?
False
Is 158 a factor of 299173?
False
Is 114566 a multiple of 119?
False
Is 785 a factor of 1088795?
True
Is 69218 a multiple of 106?
True
Does 89 divide 7393253?
False
Is 6993026 a multiple of 163?
True
Is 10 a factor of 33884?
False
Does 288 divide 2835618?
False
Does 19 divide 4618628?
False
Is 96396 a multiple of 12?
True
Is 63 a factor of 1487666?
False
Is 52 a factor of 1663376?
True
Is 955 a factor of 37365287?
False
Does 314 divide 1660735?
False
Is 44 a factor of 52748?
False
Is 10995192 a multiple of 145?
False
Is 3220 a multiple of 11?
False
Does 3 divide 102743?
False
Does 45 divide 243360?
True
Is 69732 a multiple of 48?
False
Is 37520 a multiple of 4?
True
Is 28115 even?
False
Does 31 divide 73582?
False
Does 15 divide 8488920?
True
Does 66 divide 29898?
True
Is 755711 a multiple of 694?
False
Is 53 a factor of 911388?
True
Is 715 a factor of 4184570?
False
Is 42 a factor of 3097677?
False
Is 943647 a multiple of 191?
False
Is 564557 a multiple of 690?
False
Does 218 divide 224104?
True
Is 703832 a multiple of 9?
False
Does 24 divide 237247?
False
Is 189 a factor of 10495548?
True
Is 597900 a multiple of 12?
True
Is 2596258 a multiple of 59?
False
Is 20 a factor of 1237820?
True
Is 6115173 a multiple of 177?
True
Is 26 a factor of 123083?
False
Is 121 a factor of 15490?
False
Is 52181 a multiple of 129?
False
Does 23 divide 5634481?
False
Is 65 a factor of 58560?
False
Is 134 a factor of 1064496?
True
Does 37 divide 159026?
True
Is 38848 a multiple of 16?
True
Is 9 a factor of 171515?
False
Is 6 a factor of 2831312?
False
Is 168894 a multiple of 99?
True
Does 12 divide 12631500?
True
Is 273246 a multiple of 208?
False
Does 61 divide 5227013?
False
Is 195 a factor of 184272?
False
Does 19 divide 1122406?
True
Is 91575 a multiple of 825?
True
Is 1096698 a multiple of 23?
False
Is 47587 a multiple of 11?
False
Does 43 divide 1241023?
True
Does 115 divide 12424838?
False
Does 57 divide 2261269?
False
Is 13 a factor of 71071?
True
Does 9 divide 700754?
False
Does 41 divide 6060620?
True
Is 15 a factor of 12702675?
True
Is 160 a factor of 64480?
True
Is 73792 a multiple of 25?
False
Does 255 divide 2415870?
True
Does 30 divide 193104?
False
Does 8 divide 819391?
False
Is 180 a factor of 8209980?
True
Is 243 a factor of 1495280?
False
Is 430064 a multiple of 64?
False
Is 487260 a multiple of 9?
True
Is 2757072 a multiple of 48?
True
Does 100 divide 561809?
False
Is 637 a factor of 15809703?
True
Is 495509 a multiple of 60?
False
Is 2507 even?
False
Does 8 divide 15778?
False
Does 524 divide 2477996?
True
Is 8 a factor of 379560?
True
Is 10 a factor of 118180?
True
Is 46 a factor of 842858?
True
Is 4962120 a multiple of 30?
True
Does 1006 divide 68956?
False
Is 472165 a multiple of 174?
False
Is 413798 a multiple of 247?
False
Is 7983398 a multiple of 1936?
False
Is 117947 even?
False
Does 8 divide 87674?
False
Does 214 divide 3862058?
True
Does 84 divide 84084?
True
Does 26 divide 3662144?
False
Is 58824 a multiple of 171?
True
Is 51 a factor of 123471?
True
Is 8714980 a multiple of 74?
True
Does 38 divide 1109365?
False
Is 1721988 a multiple of 3?
True
Is 267 a factor of 1694382?
True
Does 505 divide 112110?
True
Is 10 a factor of 470436?
False
Is 3 a factor of 97887?
True
Does 36 divide 197280?
True
Is 27352 a multiple of 23?
False
Is 1506290 a multiple of 180?
False
Does 136 divide 2424782?
False
Does 212 divide 230444?
True
Is 136 a factor of 1454748?
False
Is 49 a factor of 2195886?
True
Is 514 a factor of 6233685?
False
Does 85 divide 69501?
False
Is 6 a factor of 34591?
False
Is 116 a factor of 787060?
True
Is 6087675 a multiple of 1175?
True
Does 22 divide 1028206?
False
Is 452 a factor of 4812896?
True
Is 34399 a multiple of 12?
False
Is 10 a factor of 479450?
True
Is 6412706 a multiple of 34?
True
Is 484676 a multiple of 378?
False
Does 5 divide 58385?
True
Does 35 divide 1745275?
True
Is 6 a factor of 1354556?
False
Is 203 a factor of 1090207?
False
Is 212 a factor of 113208?
True
Does 235 divide 919085?
True
Is 116230 a multiple of 702?
False
Does 159 divide 171402?
True
Does 30 divide 2010821?
False
Does 648 divide 674631?
False
Does 11 divide 72908?
True
Is 48 a factor of 271584?
True
Is 172354 a multiple of 45?
False
Is 109 a factor of 134070?
True
Is 65 a factor of 136955?
True
Is 535541 a multiple of 79?
True
Is 2003073 a multiple of 103?
False
Does 3 divide 1104405?
True
Is 643 a factor of 9043795?
True
Does 64 divide 292775?
False
Is 54102 a multiple of 6?
True
Does 25 divide 208998?
False
Does 16 divide 411441?
False
Does 11 divide 778280?
False
Is 1880894 a multiple of 23?
True
Is 8 a factor of 150924?
False
Is 633 a factor of 76593?
True
Is 467 a factor of 688825?
True
Does 7 divide 355890?
False
Does 633 divide 906456?
True
Is 12 a factor of 58548?
True
Is 5 a factor of 1003916?
False
Is 692351 a multiple of 113?
True
Does 626 divide 3052376?
True
Does 9 divide 95087?
False
Is 179 a factor of 8380951?
False
Is 60 a factor of 22804?
False
Is 28050 a multiple of 255?
True
Does 10 divide 3818338?
False
Is 9 a factor of 2646738?
True
Is 206 a factor of 8894668?
True
Does 35 divide 5275305?
True
Is 